{"id":22,"date":"2022-01-18T22:32:05","date_gmt":"2022-01-18T21:32:05","guid":{"rendered":"http:\/\/vulg-art.com\/?page_id=22"},"modified":"2022-05-09T12:47:59","modified_gmt":"2022-05-09T10:47:59","slug":"a-propos-de","status":"publish","type":"page","link":"https:\/\/vulg-art.com\/index.php\/a-propos-de\/","title":{"rendered":"Voici la petite histoire de Vulg&rsquo;Art Association"},"content":{"rendered":"\n<p class=\"has-text-align-center has-medium-font-size\">Commen\u00e7ons par les pr\u00e9mices avec l&rsquo;id\u00e9e qui a \u00e9merg\u00e9 pour cr\u00e9er cette association. En premier lieu, c&rsquo;est en travaillant comme gardien de mus\u00e9e que nous avons l&rsquo;envie de cr\u00e9er des memes avec les \u0153uvres que nous surveillions.<\/p>\n\n\n\n<div style=\"height:30px\" aria-hidden=\"true\" class=\"wp-block-spacer\"><\/div>\n\n\n\n<div class=\"wp-block-image\"><figure class=\"aligncenter size-large\"><img loading=\"lazy\" width=\"1024\" height=\"512\" src=\"https:\/\/i0.wp.com\/vulg-art.com\/wp-content\/uploads\/2022\/01\/1.png?resize=1024%2C512\" alt=\"\" class=\"wp-image-80\" srcset=\"https:\/\/i0.wp.com\/vulg-art.com\/wp-content\/uploads\/2022\/01\/1.png?resize=1024%2C512&amp;ssl=1 1024w, https:\/\/i0.wp.com\/vulg-art.com\/wp-content\/uploads\/2022\/01\/1.png?resize=300%2C150&amp;ssl=1 300w, https:\/\/i0.wp.com\/vulg-art.com\/wp-content\/uploads\/2022\/01\/1.png?resize=768%2C384&amp;ssl=1 768w, https:\/\/i0.wp.com\/vulg-art.com\/wp-content\/uploads\/2022\/01\/1.png?resize=1536%2C768&amp;ssl=1 1536w, https:\/\/i0.wp.com\/vulg-art.com\/wp-content\/uploads\/2022\/01\/1.png?resize=1200%2C600&amp;ssl=1 1200w, https:\/\/i0.wp.com\/vulg-art.com\/wp-content\/uploads\/2022\/01\/1.png?resize=1980%2C990&amp;ssl=1 1980w, https:\/\/i0.wp.com\/vulg-art.com\/wp-content\/uploads\/2022\/01\/1.png?w=2048&amp;ssl=1 2048w\" sizes=\"(max-width: 1024px) 100vw, 1024px\" data-recalc-dims=\"1\" \/><figcaption><em>La grande vague de Kanagawa<\/em><\/figcaption><\/figure><\/div>\n\n\n\n<p class=\"has-text-align-justify\">Ces petits montages ont fait bonne impression dans notre entourage et a suscit\u00e9 plusieurs questions sur l&rsquo;histoire de ces \u0153uvres. C&rsquo;est cette petite graine qui a fait germer l&rsquo;id\u00e9e de cr\u00e9er une entit\u00e9 plus grande pour en parler et pour tenter de rendre l&rsquo;art plus lisible au travers de la vulgarisation.<\/p>\n\n\n\n<p class=\"has-text-align-justify\">C&rsquo;est \u00e0 ce moment en Septembre 2020 que Vulg&rsquo;Art Association est n\u00e9e. Compos\u00e9e de membre investis et motiv\u00e9s, nous avons d\u00e9velopp\u00e9 le projet jusqu&rsquo;\u00e0 aujourd&rsquo;hui pour pouvoir vous proposer un contenu ludique et vari\u00e9. <\/p>\n\n\n\n<p class=\"has-text-align-justify\">Aujourd&rsquo;hui, le projet Vulg&rsquo;Art prend la forme d&rsquo;une association, compos\u00e9e de nombreux membres r\u00e9partis dans toute la France. Le recrutement n&rsquo;est pas ferm\u00e9, nous cherchons de nouveaux membres pour partager et nous aider dans le d\u00e9veloppement de ce projet.<\/p>\n\n\n\n<p class=\"has-text-align-justify\">Pour nous rejoindre, il suffit de nous contacter via le site ou en mp sur nos r\u00e9seaux.<\/p>\n\n\n\n<div class=\"wp-block-buttons is-content-justification-center\">\n<div class=\"wp-block-button is-style-fill\"><a class=\"wp-block-button__link\" href=\"http:\/\/vulg-art.com\/index.php\/contact\/\">Rejoindre Vulg&rsquo;art<\/a><\/div>\n<\/div>\n\n\n\n<div style=\"height:20px\" aria-hidden=\"true\" class=\"wp-block-spacer\"><\/div>\n\n\n\n<hr class=\"wp-block-separator is-style-dots\"\/>\n\n\n\n<div class=\"wp-block-group alignfull has-background\" style=\"background-color:#ffffff\"><div class=\"wp-block-group__inner-container\">\n<h2 class=\"alignfull has-text-align-center\">Les membres de ce projet associatif :<\/h2>\n\n\n\n<div class=\"wp-block-columns alignwide\">\n<div class=\"wp-block-column\">\n<div class=\"wp-block-image\"><figure class=\"aligncenter size-full\"><img loading=\"lazy\" width=\"500\" height=\"500\" src=\"https:\/\/i0.wp.com\/vulg-art.com\/wp-content\/uploads\/2022\/03\/Fiche-perso-site-web-5.png?resize=500%2C500\" alt=\"\" class=\"wp-image-463\" srcset=\"https:\/\/i0.wp.com\/vulg-art.com\/wp-content\/uploads\/2022\/03\/Fiche-perso-site-web-5.png?w=500&amp;ssl=1 500w, https:\/\/i0.wp.com\/vulg-art.com\/wp-content\/uploads\/2022\/03\/Fiche-perso-site-web-5.png?resize=300%2C300&amp;ssl=1 300w, https:\/\/i0.wp.com\/vulg-art.com\/wp-content\/uploads\/2022\/03\/Fiche-perso-site-web-5.png?resize=150%2C150&amp;ssl=1 150w\" sizes=\"(max-width: 500px) 100vw, 500px\" data-recalc-dims=\"1\" \/><figcaption><strong>Guillaume Laurent<\/strong><\/figcaption><\/figure><\/div>\n<\/div>\n\n\n\n<div class=\"wp-block-column\">\n<div class=\"wp-block-image\"><figure class=\"aligncenter size-full\"><img loading=\"lazy\" width=\"500\" height=\"500\" src=\"https:\/\/i0.wp.com\/vulg-art.com\/wp-content\/uploads\/2022\/03\/Fiche-perso-site-web-4.png?resize=500%2C500\" alt=\"\" class=\"wp-image-464\" srcset=\"https:\/\/i0.wp.com\/vulg-art.com\/wp-content\/uploads\/2022\/03\/Fiche-perso-site-web-4.png?w=500&amp;ssl=1 500w, https:\/\/i0.wp.com\/vulg-art.com\/wp-content\/uploads\/2022\/03\/Fiche-perso-site-web-4.png?resize=300%2C300&amp;ssl=1 300w, https:\/\/i0.wp.com\/vulg-art.com\/wp-content\/uploads\/2022\/03\/Fiche-perso-site-web-4.png?resize=150%2C150&amp;ssl=1 150w\" sizes=\"(max-width: 500px) 100vw, 500px\" data-recalc-dims=\"1\" \/><figcaption><strong>Tom Joneau<\/strong><\/figcaption><\/figure><\/div>\n<\/div>\n\n\n\n<div class=\"wp-block-column\">\n<div class=\"wp-block-image\"><figure class=\"aligncenter size-full\"><img loading=\"lazy\" width=\"500\" height=\"500\" src=\"https:\/\/i0.wp.com\/vulg-art.com\/wp-content\/uploads\/2022\/03\/Fiche-perso-site-web-3.png?resize=500%2C500\" alt=\"\" class=\"wp-image-465\" srcset=\"https:\/\/i0.wp.com\/vulg-art.com\/wp-content\/uploads\/2022\/03\/Fiche-perso-site-web-3.png?w=500&amp;ssl=1 500w, https:\/\/i0.wp.com\/vulg-art.com\/wp-content\/uploads\/2022\/03\/Fiche-perso-site-web-3.png?resize=300%2C300&amp;ssl=1 300w, https:\/\/i0.wp.com\/vulg-art.com\/wp-content\/uploads\/2022\/03\/Fiche-perso-site-web-3.png?resize=150%2C150&amp;ssl=1 150w\" sizes=\"(max-width: 500px) 100vw, 500px\" data-recalc-dims=\"1\" \/><figcaption><strong>Lucile Dury<\/strong><\/figcaption><\/figure><\/div>\n<\/div>\n\n\n\n<div class=\"wp-block-column\">\n<div class=\"wp-block-image\"><figure class=\"aligncenter size-full\"><img loading=\"lazy\" width=\"500\" height=\"500\" src=\"https:\/\/i0.wp.com\/vulg-art.com\/wp-content\/uploads\/2022\/03\/Fiche-perso-site-web-2.png?resize=500%2C500\" alt=\"\" class=\"wp-image-466\" srcset=\"https:\/\/i0.wp.com\/vulg-art.com\/wp-content\/uploads\/2022\/03\/Fiche-perso-site-web-2.png?w=500&amp;ssl=1 500w, https:\/\/i0.wp.com\/vulg-art.com\/wp-content\/uploads\/2022\/03\/Fiche-perso-site-web-2.png?resize=300%2C300&amp;ssl=1 300w, https:\/\/i0.wp.com\/vulg-art.com\/wp-content\/uploads\/2022\/03\/Fiche-perso-site-web-2.png?resize=150%2C150&amp;ssl=1 150w\" sizes=\"(max-width: 500px) 100vw, 500px\" data-recalc-dims=\"1\" \/><figcaption><strong>Jeanne Philippe<\/strong><\/figcaption><\/figure><\/div>\n\n\n\n<p><\/p>\n<\/div>\n<\/div>\n\n\n\n<div class=\"wp-block-columns alignwide\">\n<div class=\"wp-block-column\">\n<div class=\"wp-block-image\"><figure class=\"aligncenter size-full\"><img loading=\"lazy\" width=\"500\" height=\"500\" src=\"https:\/\/i0.wp.com\/vulg-art.com\/wp-content\/uploads\/2022\/03\/Fiche-perso-site-web-2.png?resize=500%2C500\" alt=\"\" class=\"wp-image-466\" srcset=\"https:\/\/i0.wp.com\/vulg-art.com\/wp-content\/uploads\/2022\/03\/Fiche-perso-site-web-2.png?w=500&amp;ssl=1 500w, https:\/\/i0.wp.com\/vulg-art.com\/wp-content\/uploads\/2022\/03\/Fiche-perso-site-web-2.png?resize=300%2C300&amp;ssl=1 300w, https:\/\/i0.wp.com\/vulg-art.com\/wp-content\/uploads\/2022\/03\/Fiche-perso-site-web-2.png?resize=150%2C150&amp;ssl=1 150w\" sizes=\"(max-width: 500px) 100vw, 500px\" data-recalc-dims=\"1\" \/><figcaption><strong>Capucine Baran\u00e8s<\/strong><\/figcaption><\/figure><\/div>\n<\/div>\n\n\n\n<div class=\"wp-block-column\">\n<div class=\"wp-block-image\"><figure class=\"aligncenter size-full\"><img loading=\"lazy\" width=\"500\" height=\"500\" src=\"https:\/\/i0.wp.com\/vulg-art.com\/wp-content\/uploads\/2022\/03\/Fiche-perso-site-web-3-1.png?resize=500%2C500\" alt=\"\" class=\"wp-image-471\" srcset=\"https:\/\/i0.wp.com\/vulg-art.com\/wp-content\/uploads\/2022\/03\/Fiche-perso-site-web-3-1.png?w=500&amp;ssl=1 500w, https:\/\/i0.wp.com\/vulg-art.com\/wp-content\/uploads\/2022\/03\/Fiche-perso-site-web-3-1.png?resize=300%2C300&amp;ssl=1 300w, https:\/\/i0.wp.com\/vulg-art.com\/wp-content\/uploads\/2022\/03\/Fiche-perso-site-web-3-1.png?resize=150%2C150&amp;ssl=1 150w\" sizes=\"(max-width: 500px) 100vw, 500px\" data-recalc-dims=\"1\" \/><figcaption><strong>Max Rola<\/strong><\/figcaption><\/figure><\/div>\n<\/div>\n\n\n\n<div class=\"wp-block-column\">\n<div class=\"wp-block-image\"><figure class=\"aligncenter size-full\"><img loading=\"lazy\" width=\"500\" height=\"500\" src=\"https:\/\/i0.wp.com\/vulg-art.com\/wp-content\/uploads\/2022\/03\/Fiche-perso-site-web-4.png?resize=500%2C500\" alt=\"\" class=\"wp-image-464\" srcset=\"https:\/\/i0.wp.com\/vulg-art.com\/wp-content\/uploads\/2022\/03\/Fiche-perso-site-web-4.png?w=500&amp;ssl=1 500w, https:\/\/i0.wp.com\/vulg-art.com\/wp-content\/uploads\/2022\/03\/Fiche-perso-site-web-4.png?resize=300%2C300&amp;ssl=1 300w, https:\/\/i0.wp.com\/vulg-art.com\/wp-content\/uploads\/2022\/03\/Fiche-perso-site-web-4.png?resize=150%2C150&amp;ssl=1 150w\" sizes=\"(max-width: 500px) 100vw, 500px\" data-recalc-dims=\"1\" \/><figcaption><strong>Tao Rola<\/strong><\/figcaption><\/figure><\/div>\n<\/div>\n\n\n\n<div class=\"wp-block-column\">\n<div class=\"wp-block-image\"><figure class=\"aligncenter size-full\"><img loading=\"lazy\" width=\"500\" height=\"500\" src=\"https:\/\/i0.wp.com\/vulg-art.com\/wp-content\/uploads\/2022\/03\/Fiche-perso-site-web-5.png?resize=500%2C500\" alt=\"\" class=\"wp-image-463\" srcset=\"https:\/\/i0.wp.com\/vulg-art.com\/wp-content\/uploads\/2022\/03\/Fiche-perso-site-web-5.png?w=500&amp;ssl=1 500w, https:\/\/i0.wp.com\/vulg-art.com\/wp-content\/uploads\/2022\/03\/Fiche-perso-site-web-5.png?resize=300%2C300&amp;ssl=1 300w, https:\/\/i0.wp.com\/vulg-art.com\/wp-content\/uploads\/2022\/03\/Fiche-perso-site-web-5.png?resize=150%2C150&amp;ssl=1 150w\" sizes=\"(max-width: 500px) 100vw, 500px\" data-recalc-dims=\"1\" \/><figcaption><strong>Pierre Hebert<\/strong> <\/figcaption><\/figure><\/div>\n<\/div>\n<\/div>\n<\/div><\/div>\n\n\n\n<p><\/p>\n","protected":false},"excerpt":{"rendered":"<p>Commen\u00e7ons par les pr\u00e9mices avec l&rsquo;id\u00e9e qui a \u00e9merg\u00e9 pour cr\u00e9er cette [&hellip;]<\/p>\n","protected":false},"author":1,"featured_media":74,"parent":0,"menu_order":0,"comment_status":"closed","ping_status":"closed","template":"elementor_header_footer","meta":{"spay_email":""},"jetpack-related-posts":[{"id":147,"url":"https:\/\/vulg-art.com\/index.php\/nos-travaux\/","url_meta":{"origin":22,"position":0},"title":"Nos travaux","date":"1 f\u00e9vrier 2022","format":false,"excerpt":"\u00c0 la d\u00e9couverte de toutes les activit\u00e9s entourant le projet associatif de Vulg'Art. Articles Des articles vari\u00e9s et riches En D\u00c9COUVRIR plus \u00c9v\u00e8nements Nos derniers \u00e9v\u00e8nements en date En D\u00c9COUVRIR plus","rel":"","context":"Article similaire","img":{"alt_text":"","src":"https:\/\/i0.wp.com\/vulg-art.com\/wp-content\/uploads\/2022\/03\/Carte-de-visite-6.png?fit=1200%2C686&ssl=1&resize=350%2C200","width":350,"height":200},"classes":[]},{"id":3,"url":"https:\/\/vulg-art.com\/index.php\/politique-de-confidentialite\/","url_meta":{"origin":22,"position":1},"title":"Politique de confidentialit\u00e9","date":"18 janvier 2022","format":false,"excerpt":"Qui sommes-nous\u00a0? L\u2019adresse de notre site Web est\u00a0: http:\/\/vulg-art.com. Utilisation des donn\u00e9es personnelles collect\u00e9es Commentaires Quand vous laissez un commentaire sur notre site web, les donn\u00e9es inscrites dans le formulaire de commentaire, mais aussi votre adresse IP et l\u2019agent utilisateur de votre navigateur sont collect\u00e9s pour nous aider \u00e0 la\u2026","rel":"","context":"Article similaire","img":{"alt_text":"","src":"","width":0,"height":0},"classes":[]},{"id":206,"url":"https:\/\/vulg-art.com\/index.php\/mentions-legales\/","url_meta":{"origin":22,"position":2},"title":"Mentions l\u00e9gales","date":"4 f\u00e9vrier 2022","format":false,"excerpt":"1. Pr\u00e9sentation du site et description des services fournis. Ce site est normalement accessible \u00e0 tout moment aux utilisateurs. Une interruption pour raison de maintenance technique peut \u00eatre toutefois d\u00e9cid\u00e9e par Vulg'Art, qui s\u2019efforcera alors de communiquer pr\u00e9alablement aux utilisateurs les dates et heures de l\u2019intervention. De la m\u00eame fa\u00e7on,\u2026","rel":"","context":"Article similaire","img":{"alt_text":"","src":"","width":0,"height":0},"classes":[]},{"id":23,"url":"https:\/\/vulg-art.com\/index.php\/contact\/","url_meta":{"origin":22,"position":3},"title":"Contact","date":"18 janvier 2022","format":false,"excerpt":"Pour nous contacter, c'est relativement simple. Il suffit de nous envoyer un message sur nos r\u00e9seaux sociaux ou de remplir ce formulaire de contact. N'h\u00e9sitez pas, nous n'allons pas vous manger. Pour nous contacter : Pour nous rejoindre :","rel":"","context":"Article similaire","img":{"alt_text":"","src":"https:\/\/i0.wp.com\/vulg-art.com\/wp-content\/uploads\/2022\/01\/1933524-scaled.jpg?fit=1200%2C617&ssl=1&resize=350%2C200","width":350,"height":200},"classes":[]},{"id":21,"url":"https:\/\/vulg-art.com\/","url_meta":{"origin":22,"position":4},"title":"La premi\u00e8re destination pour retrouver\u2026","date":"18 janvier 2022","format":false,"excerpt":"La premi\u00e8re destination pour retrouver de la vulgarisation artistique et culturelle ! Qui sommes-nous ? Le projet Vulg'Art a pour objectif de promouvoir l'art et la culture au plus grand nombre et\u00a0 avec plusieurs biais. Nous avons \u00e0 c\u0153ur de d\u00e9mystifier le monde de la culture aupr\u00e8s de publics qui\u2026","rel":"","context":"Article similaire","img":{"alt_text":"","src":"https:\/\/i0.wp.com\/vulg-art.com\/wp-content\/uploads\/2022\/05\/Logo-VulgArt-Officiel-1.png?resize=350%2C200&ssl=1","width":350,"height":200},"classes":[]},{"id":292,"url":"https:\/\/vulg-art.com\/index.php\/travaux\/","url_meta":{"origin":22,"position":5},"title":"Nous n'avons malheureusement pas encore\u2026","date":"28 f\u00e9vrier 2022","format":false,"excerpt":"Nous n'avons malheureusement pas encore de contenu \u00e0 vous proposer.","rel":"","context":"Article similaire","img":{"alt_text":"","src":"https:\/\/i0.wp.com\/vulg-art.com\/wp-content\/uploads\/2022\/02\/274945325_500712291396014_6460045572716981025_n.png?fit=1200%2C578&ssl=1&resize=350%2C200","width":350,"height":200},"classes":[]}],"_links":{"self":[{"href":"https:\/\/vulg-art.com\/index.php\/wp-json\/wp\/v2\/pages\/22"}],"collection":[{"href":"https:\/\/vulg-art.com\/index.php\/wp-json\/wp\/v2\/pages"}],"about":[{"href":"https:\/\/vulg-art.com\/index.php\/wp-json\/wp\/v2\/types\/page"}],"author":[{"embeddable":true,"href":"https:\/\/vulg-art.com\/index.php\/wp-json\/wp\/v2\/users\/1"}],"replies":[{"embeddable":true,"href":"https:\/\/vulg-art.com\/index.php\/wp-json\/wp\/v2\/comments?post=22"}],"version-history":[{"count":30,"href":"https:\/\/vulg-art.com\/index.php\/wp-json\/wp\/v2\/pages\/22\/revisions"}],"predecessor-version":[{"id":633,"href":"https:\/\/vulg-art.com\/index.php\/wp-json\/wp\/v2\/pages\/22\/revisions\/633"}],"wp:featuredmedia":[{"embeddable":true,"href":"https:\/\/vulg-art.com\/index.php\/wp-json\/wp\/v2\/media\/74"}],"wp:attachment":[{"href":"https:\/\/vulg-art.com\/index.php\/wp-json\/wp\/v2\/media?parent=22"}],"curies":[{"name":"wp","href":"https:\/\/api.w.org\/{rel}","templated":true}]}}